factors of 1775737469.
11, 563, 286733
List the prime factors of 496844526.
2, 3, 82807421
What are the prime factors of 306037582?
2, 37, 53, 78031
What are the prime factors of 2653759833?
3, 2801, 315811
What are the prime factors of 406746301?
13, 17, 1279, 1439
What are the prime factors of 94439324?
2, 7, 89, 37897
List the prime factors of 186215343.
3, 1571, 39511
What are the prime factors of 39421660?
2, 5, 89, 22147
What are the prime factors of 140757208?
2, 17594651
List the prime factors of 436174104.
2, 3, 18173921
What are the prime factors of 4214525339?
4214525339
What are the prime factors of 222687143?
7, 29, 1096981
List the prime factors of 397592526.
2, 3, 107, 619303
What are the prime factors of 1988127483?
3, 662709161
What are the prime factors of 1609218569?
7, 59, 3896413
What are the prime factors of 28832705?
5, 11, 524231
What are the prime factors of 47749361?
11, 389, 11159
What are the prime factors of 1097673410?
2, 5, 107, 653, 1571
List the prime factors of 34129721.
53, 643957
List the prime factors of 1171307192.
2, 11, 73, 182333
What are the prime factors of 46923838?
2, 13, 1804763
What are the prime factors of 17076200?
2, 5, 85381
List the prime factors of 238785906.
2, 3, 4903, 8117
List the prime factors of 33531505.
5, 7, 958043
List the prime factors of 17949489.
3, 131, 45673
What are the prime factors of 53966363?
11, 446003
List the prime factors of 334146166.
2, 61, 397, 6899
List the prime factors of 2249729638.
2, 13, 179, 483397
What are the prime factors of 2053149796?
2, 3823, 134263
What are the prime factors of 127915193?
7, 18273599
What are the prime factors of 22507673?
379, 59387
What are the prime factors of 28759030?
2, 5, 2875903
What are the prime factors of 971117715?
3, 5, 89, 311, 2339
What are the prime factors of 7046858?
2, 7, 13, 31, 1249
What are the prime factors of 280712837?
29, 9679753
List the prime factors of 442714712.
2, 11, 313, 16073
What are the prime factors of 172497956?
2, 43124489
List the prime factors of 944002350.
2, 3, 5, 17, 13711
What are the prime factors of 816966057?
3, 272322019
List the prime factors of 289649991.
3, 96549997
What are the prime factors of 29487275?
5, 1179491
List the prime factors of 440553172.
2, 53, 2078081
What are the prime factors of 469331714?
2, 113, 2076689
What are the prime factors of 3724876240?
2, 5, 41, 1135633
What are the prime factors of 2801407421?
43759, 64019
What are the prime factors of 300962595?
3, 5, 20064173
List the prime factors of 2385808364.
2, 103, 5790797
List the prime factors of 547378952.
2, 199, 343831
List the prime factors of 945361745.
5, 2447, 77267
What are the prime factors of 122236822?
2, 61118411
What are the prime factors of 527153154?
2, 3, 11, 41, 194809
List the prime factors of 7916787941.
9631, 822011
What are the prime factors of 28802922?
2, 3, 4800487
What are the prime factors of 35789548?
2, 173, 51719
List the prime factors of 818536138.
2, 7, 71, 167, 4931
List the prime factors of 107103039.
3, 179, 199447
What are the prime factors of 3785337?
3, 420593
What are the prime factors of 1283155723?
163, 641, 12281
What are the prime factors of 592836469?
592836469
What are the prime factors of 2267979019?
97, 227, 103001
List the prime factors of 13622785.
5, 11, 23, 89
What are the prime factors of 476222998?
2, 13417, 17747
List the prime factors of 159355815.
3, 5, 67, 158563
What are the prime factors of 10790031?
3, 7, 113, 4547
List the prime factors of 21306682.
2, 263, 40507
List the prime factors of 308312068.
2, 17, 673, 6737
List the prime factors of 50228893.
11, 13, 197, 1783
List the prime factors of 94959407.
1913, 49639
What are the prime factors of 143831667?
3, 7, 2203, 3109
List the prime factors of 22399989.
3, 139, 53717
What are the prime factors of 227992925?
5, 29, 107, 2939
What are the prime factors of 124698012?
2, 3, 139, 74759
What are the prime factors of 250189462?
2, 41, 3051091
What are the prime factors of 136859563?
313, 331, 1321
What are the prime factors of 81832729?
11, 7439339
List the prime factors of 103498972.
2, 71, 364433
List the prime factors of 812879220.
2, 3, 5, 1451, 9337
What are the prime factors of 516464769?
3, 353, 487691
List the prime factors of 48370748.
2, 23, 525769
What are the prime factors of 4026469224?
2, 3, 31, 97, 55793
List the prime factors of 63761294.
2, 109, 292483
What are the prime factors of 5059179690?
2, 3, 5, 168639323
List the prime factors of 538828993.
538828993
List the prime factors of 984612323.
43, 53, 432037
List the prime factors of 54818009.
5521, 9929
What are the prime factors of 166349769?
3, 19, 2918417
List the prime factors of 68882870.
2, 5, 7, 41, 24001
What are the prime factors of 1413235451?
359, 3936589
What are the prime factors of 516245302?
2, 397, 650183
What are the prime factors of 47742443?
7, 17, 61, 6577
What are the prime factors of 584413579?
584413579
List the prime factors of 82367434.
2, 31, 1328507
List the prime factors of 8181125.
5, 65449
What are the prime factors of 119301692?
2, 79, 377537
What are the prime factors of 98694497?
11, 103, 7919
What are the prime factors of 1305973753?
7, 4999, 37321
List the prime factors of 2486949108.
2, 3, 7, 17, 73, 23857
What are the prime factors of 964476656?
2, 11, 13, 191, 2207
List the prime factors of 376100330.
2, 5, 37610033
List the prime factors of 180812204.
2, 17, 113, 23531
List the prime factors of 1240677045.
3, 5, 97, 284233
List the prime factors of 625313474.
2, 47, 73, 91127
List the prime factors of 4735665925.
5, 19, 29, 343787
List the prime factors of 434181106.
2, 217090553
What are the prime factors of 691774030?
2, 5, 17, 947, 4297
What are the prime factors of 285501416?
2, 1249, 28573
What are the prime factors of 66391864?
2, 7, 11, 89, 173
List the prime factors of 2862097724.
2, 19403, 36877
What are the prime factors of 21339900?
2, 3, 5, 131, 181
List the prime factors of 73347307.
11, 47, 141871
What are the prime factors of 155025943?
113, 1371911
List the prime factors of 550292849.
550292849
What are the prime factors of 4273899441?
3, 7, 203519021
What are the prime factors of 208359364?
2, 101, 515741
What are the prime factors of 3702686305?
5, 59, 12551479
List the prime factors of 35976231.
3, 444151
What are the prime factors of 1854463700?
2, 5, 17, 431, 2531
List the prime factors of 184712908.
2, 19, 23, 251, 421
List the prime factors of 2888079753.
3, 13, 29, 31, 82373
What are the prime factors of 480972197?
47, 217733
What are the prime factors of 98804801?
5087, 19423
What are the prime factors of 5610111?
3, 13, 19, 67, 113
What are the prime factors of 1013490426?
2, 3, 13, 1361, 9547
What are the prime factors of 573005669?
1621, 353489
List the prime factors of 260091463.
37, 79, 101, 881
What are the prime factors of 69562129?
7, 13, 53, 14423
What are the prime factors of 20452761?
3, 7, 324647
List the prime factors of 34543259.
131, 457, 577
What are the prime factors of 373096711?
13, 19, 139, 10867
What are the prime factors of 260877128?
2, 107, 304763
What are the prime factors of 357466883?
357466883
List the prime factors of 1110713839.
1110713839
What are the prime factors of 68933126?
2, 109, 181, 1747
List the prime factors of 3306183395.
5, 8419, 78541
List the prime factors of 59972367.
3, 7, 13, 219679
What are the prime factors of 2242527?
3, 7, 106787
What are the prime factors of 18214492?
2, 4553623
What are the prime factors of 660756954?
2, 3, 11, 13, 770113
List the prime factors of 171688577.
6841, 25097
What are the prime factors of 65208233?
373, 174821
What are the prime factors of 452977322?
2, 7, 1367, 23669
List the prime factors of 3128886646.
2, 71, 22034413
What are the prime factors of 248928883?
7, 35561269
List the prime factors of 788775485.
5, 157755097
What are the prime factors of 291787124?
2, 72946781
What are the prime factors of 2452408559?
17, 61, 2364907
What are the prime factors of 6666038814?
2, 3, 1111006469
What are the prime factors of 5694483457?
13, 438037189
List the prime factors of 287221415.
5, 13, 339907
What are the prime factors of 1011369718?
2, 43, 181, 1511
What are the prime factors of 247834